a prime number?
True
Is 177704950127 a composite number?
True
Is 24528991601 composite?
False
Is 17404419419 prime?
False
Is 21357309929 composite?
False
Is 3071592637 composite?
True
Is 606311317 prime?
False
Is 39307289453 composite?
False
Is 405745727 composite?
False
Is 2401328102 composite?
True
Is 612110377 composite?
True
Is 1855836769 a composite number?
False
Is 3580235047 a prime number?
True
Is 2012447903 composite?
False
Is 50559185707 a prime number?
True
Is 68097759 prime?
False
Is 1452330947 a composite number?
True
Is 674431601 a composite number?
False
Is 2548093319 prime?
False
Is 144042659 composite?
True
Is 13136718563 composite?
True
Is 4196152699 a composite number?
False
Is 77973172447 a prime number?
False
Is 264229243 prime?
False
Is 46902191717 a composite number?
False
Is 1722302843 a prime number?
True
Is 79430787559 prime?
True
Is 959164369 a prime number?
True
Is 18155836901 a composite number?
True
Is 18996173471 a prime number?
False
Is 257871983 prime?
True
Is 7669771019 composite?
True
Is 1134706457 a composite number?
False
Is 37549201 composite?
True
Is 5636338447 prime?
True
Is 12700762757 a composite number?
False
Is 8513207969 a prime number?
False
Is 695074313 a composite number?
True
Is 3821942507 composite?
True
Is 3030803261 a prime number?
True
Is 38266657831 composite?
True
Is 187705676162 composite?
True
Is 2188633789 prime?
True
Is 69118944551 a composite number?
False
Is 270134129 a composite number?
True
Is 1460592589 composite?
True
Is 2401473643 a composite number?
False
Is 22752376183 composite?
False
Is 12940558013 prime?
True
Is 905887133 prime?
True
Is 165658219 a prime number?
True
Is 5168806831 a composite number?
False
Is 3691007561 prime?
False
Is 4577221643 a composite number?
False
Is 1190771731 composite?
False
Is 1213080779 prime?
False
Is 26897989 a prime number?
True
Is 6202912439 prime?
True
Is 8949496417 a composite number?
True
Is 2430776737 composite?
False
Is 5754780461 prime?
True
Is 11560414787 a composite number?
False
Is 920991443 composite?
False
Is 9526288943 a prime number?
True
Is 116160098 composite?
True
Is 14716732147 prime?
False
Is 748499633 a composite number?
True
Is 17778721 a composite number?
False
Is 220023563 a prime number?
False
Is 6001584091 a composite number?
True
Is 8653011109 a composite number?
False
Is 2185079077 composite?
False
Is 15158197889 composite?
True
Is 98990987741 a composite number?
True
Is 2905117255 composite?
True
Is 5141934859 composite?
True
Is 9960269227 a prime number?
False
Is 5693956733 composite?
True
Is 3530259437 a prime number?
True
Is 14208115993 prime?
False
Is 147937201 prime?
False
Is 125850369019 a prime number?
True
Is 1178729257 a composite number?
False
Is 36802749589 a composite number?
False
Is 24381180507 prime?
False
Is 60450517531 a prime number?
True
Is 5114811607 a prime number?
False
Is 60554903 a composite number?
True
Is 8387923667 composite?
True
Is 1502458693 composite?
True
Is 1122351367 composite?
False
Is 1395956903 prime?
False
Is 16940367581 composite?
True
Is 583394489 a prime number?
True
Is 4177368449 prime?
False
Is 11182894793 composite?
True
Is 286862423 a composite number?
False
Is 288143599 composite?
False
Is 11523600557 a prime number?
False
Is 9397560881 prime?
True
Is 223687033 prime?
False
Is 6509249837 a prime number?
True
Is 977297777 a prime number?
True
Is 518928491 prime?
False
Is 490344367 composite?
True
Is 27323530373 composite?
False
Is 222986723829 prime?
False
Is 2034110671 a prime number?
True
Is 6906416071 a composite number?
True
Is 4349017661 composite?
True
Is 13788316859 a prime number?
False
Is 3731665199 a prime number?
False
Is 2225998399 a composite number?
True
Is 3316033 prime?
False
Is 4491068579 a prime number?
False
Is 504808039 a prime number?
True
Is 49178892929 prime?
True
Is 22383721 composite?
True
Is 545486519 a composite number?
True
Is 373424671 a composite number?
False
Is 1343003473 a prime number?
False
Is 71668314143 prime?
True
Is 41153016361 composite?
True
Is 60486841 a composite number?
True
Is 1544541523 a composite number?
True
Is 1115770771 composite?
True
Is 6080265727 a composite number?
False
Is 12464896963 prime?
True
Is 515546663 prime?
True
Is 2478902581 a prime number?
True
Is 582063617 a prime number?
True
Is 714544307 a prime number?
True
Is 51432664457 a prime number?
False
Is 2482378429 composite?
False
Is 25422892153 a prime number?
False
Is 1651791065 a prime number?
False
Is 107682995821 prime?
True
Is 3823876933 a composite number?
False
Is 783931331 composite?
False
Is 74643055607 a composite number?
True
Is 117530567311 composite?
True
Is 138704591 prime?
True
Is 59330708741 a composite number?
False
Is 2328164417 composite?
True
Is 25890683879 prime?
False
Is 1518384379 composite?
False
Is 908174363 a composite number?
True
Is 4587167653 a composite number?
True
Is 109607203 composite?
False
Is 1158159733 composite?
True
Is 1137727007 a prime number?
True
Is 2891104111 a prime number?
False
Is 71534591299 a prime number?
False
Is 146421181 a composite number?
False
Is 9337617791 a composite number?
False
Is 1267628807 a composite number?
True
Is 19554494221 a prime number?
True
Is 3945756427 a composite number?
False
Is 427828841 composite?
True
Is 492500101 a prime number?
False
Is 38534887 a composite number?
False
Is 581868251 prime?
False
Is 1078768283 prime?
False
Is 2958110327 a composite number?
False
Is 320238703 a prime number?
False
Is 2815049 a composite number?
False
Is 32936969467 composite?
True
Is 43587613997 a composite number?
True
Is 17146634621 a composite number?
True
Is 1659614353 a composite number?
False
Is 3019032209 composite?
True
Is 18602594539 a composite number?
True
Is 8991510061 a composite number?
True
Is 12264878291 a prime number?
True
Is 69709043869 a prime number?
True
Is 12963734167 prime?
False
Is 607144661 composite?
True
Is 2647843223 a prime number?
True
Is 340906091 a composite number?
False
Is 32162835977 prime?
True
Is 26359768951 prime?
True
Is 875581471 a prime number?
False
Is 112851463 prime?
False
Is 56143334057 a composite number?
False
Is 11207357 a composite number?
True
Is 280676297177 a prime number?
False
Is 9269005873 a prime number?
True
Is 1594091857 a composite number?
True
Is 2132612597 a composite number?
False
Is 2284588883 a prime number?
False
Is 87912487535 a composite number?
True
Is 75596098429 prime?
True
Is 162323974294 a prime number?
False
Is 854821297 composite?
True
Is 257628861739 a prime number?
True
Is 394444321 prime?
True
Is 363457238 a prime number?
False
Is 387942767 prime?
True
Is 20560338467 a prime number?
False
Is 4043287049 a composite number?
False
Is 2299758943 prime?
True
Is 9404677567 prime?
False
Is 3365657866 a prime number?
False
Is 9663379079 composite?
False
Is 24056616079 composite?
True
Is 16085112389 composite?
False
Is 11345325877 a composite number?
True
Is 2502574337 a composite number?
False
Is 609461057 prime?
False
Is 95469659 a composite number?
True
Is 19844199581 a prime number?
True
Is 88571023 composite?
False
Is 324962321 a composite number?
False
Is 148545886999 prime?
True
Is 8618021857 prime?
True
Is 351802249 a prime number?
True
Is 1576109459 a prime number?
False
Is 31728754649 composite?
False
Is 19020815699 a composite number?
True
Is 149568343 prime?
True
Is 6813016517 a composite number?
True
Is 235815929 prime?
True
Is 22129379501 a prime number?
False
Is 75791011 prime?
False
Is 13794979207 a composite number?
False
Is 4114787267 a composite number?
False
Is 1092453851 prime?
True
Is 4552183154 prime?
False
Is 1096671637 a prime number?
False
Is 100263935 a prime number?
False
Is 53328279911 composite?
False
Is 21729624583 composite?
False
Is 4144056079 a prime number?
False
Is 192003223 a prime number?
False
Is 2125181701 prime?
False
Is 14227188307 a prime number?
True
Is 18768415 a prime number?
False
Is 20400463307 composite?
True
Is 25013568793 prime?
False
Is 983553521 a composite number?
True
Is 9263313647 a composite number?
True
Is 240888787 prime?
False
Is 4191359317 composite?
False
Is 3541076117 composite?
True
Is 48356795183 a prime number?
False
Is 8671045151 a composite number?
False
